{"id":26,"date":"2023-11-10T03:58:29","date_gmt":"2023-11-10T03:58:29","guid":{"rendered":"https:\/\/demo.themesartist.com\/superjobpro2\/?page_id=26"},"modified":"2024-09-10T16:48:53","modified_gmt":"2024-09-10T16:48:53","slug":"home","status":"publish","type":"page","link":"https:\/\/pracownikeu.pl\/","title":{"rendered":"Strona g\u0142\u00f3wna"},"content":{"rendered":"\t\t<div data-elementor-type=\"wp-page\" data-elementor-id=\"26\" class=\"elementor elementor-26\">\n\t\t\t\t<section class=\"elementor-element elementor-element-15607ba2 e-flex e-con-boxed e-con e-parent\" data-id=\"15607ba2\" data-element_type=\"container\" data-e-type=\"container\" data-settings=\"{&quot;background_background&quot;:&quot;classic&quot;}\">\n\t\t\t\t\t<div class=\"e-con-inner\">\n\t\t<div class=\"elementor-element elementor-element-3c660ab e-flex e-con-boxed e-con e-child\" data-id=\"3c660ab\" data-element_type=\"container\" data-e-type=\"container\">\n\t\t\t\t\t<div class=\"e-con-inner\">\n\t\t\t\t<div class=\"elementor-element elementor-element-63729937 elementor-widget elementor-widget-heading\" data-id=\"63729937\" data-element_type=\"widget\" data-e-type=\"widget\" data-widget_type=\"heading.default\">\n\t\t\t\t<div class=\"elementor-widget-container\">\n\t\t\t\t\t<h1 class=\"elementor-heading-title elementor-size-default\">Znajd\u017a idealn\u0105 prac\u0119 dla siebie!<\/h1>\t\t\t\t<\/div>\n\t\t\t\t<\/div>\n\t\t\t\t<div class=\"elementor-element elementor-element-3d7533db elementor-widget elementor-widget-heading\" data-id=\"3d7533db\" data-element_type=\"widget\" data-e-type=\"widget\" data-widget_type=\"heading.default\">\n\t\t\t\t<div class=\"elementor-widget-container\">\n\t\t\t\t\t<span class=\"elementor-heading-title elementor-size-default\">Opinie o firmach, zarobki, rozmowy kwalifikacyjne, oferty pracy.<\/span>\t\t\t\t<\/div>\n\t\t\t\t<\/div>\n\t\t\t\t\t<\/div>\n\t\t\t\t<\/div>\n\t\t<div class=\"elementor-element elementor-element-98ad825 e-con-full e-flex e-con e-child\" data-id=\"98ad825\" data-element_type=\"container\" data-e-type=\"container\">\n\t\t\t\t<div class=\"elementor-element elementor-element-af0b66b elementor-widget elementor-widget-joblook-job-search\" data-id=\"af0b66b\" data-element_type=\"widget\" data-e-type=\"widget\" data-widget_type=\"joblook-job-search.default\">\n\t\t\t\t<div class=\"elementor-widget-container\">\n\t\t\t\t\t\t\t  <div class=\"banner-filter-wrapper\">\n\t\t\t<form  class=\"form-inline\" method=\"GET\" action=\"\">\n\t\t\t\n\t\t\t<div class=\"banner-search-input-wrap\">\n\t\t\t  <div class=\"form-group\">\n\t\t\t\t<label class=\"sr-only\" for=\"search_keywords\">Job Titles, Keywords, Phrase<\/label>\n\n   <svg class=\"svg-icon\" viewBox=\"0 0 20 20\">\n\t<path fill=\"none\" d=\"M7.228,11.464H1.996c-0.723,0-1.308,0.587-1.308,1.309v5.232c0,0.722,0.585,1.308,1.308,1.308h5.232\n\t\tc0.723,0,1.308-0.586,1.308-1.308v-5.232C8.536,12.051,7.95,11.464,7.228,11.464z M7.228,17.351c0,0.361-0.293,0.654-0.654,0.654\n\t\tH2.649c-0.361,0-0.654-0.293-0.654-0.654v-3.924c0-0.361,0.292-0.654,0.654-0.654h3.924c0.361,0,0.654,0.293,0.654,0.654V17.351z\n\t\t M17.692,11.464H12.46c-0.723,0-1.308,0.587-1.308,1.309v5.232c0,0.722,0.585,1.308,1.308,1.308h5.232\n\t\tc0.722,0,1.308-0.586,1.308-1.308v-5.232C19,12.051,18.414,11.464,17.692,11.464z M17.692,17.351c0,0.361-0.293,0.654-0.654,0.654\n\t\th-3.924c-0.361,0-0.654-0.293-0.654-0.654v-3.924c0-0.361,0.293-0.654,0.654-0.654h3.924c0.361,0,0.654,0.293,0.654,0.654V17.351z\n\t\t M7.228,1H1.996C1.273,1,0.688,1.585,0.688,2.308V7.54c0,0.723,0.585,1.308,1.308,1.308h5.232c0.723,0,1.308-0.585,1.308-1.308\n\t\tV2.308C8.536,1.585,7.95,1,7.228,1z M7.228,6.886c0,0.361-0.293,0.654-0.654,0.654H2.649c-0.361,0-0.654-0.292-0.654-0.654V2.962\n\t\tc0-0.361,0.292-0.654,0.654-0.654h3.924c0.361,0,0.654,0.292,0.654,0.654V6.886z M17.692,1H12.46c-0.723,0-1.308,0.585-1.308,1.308\n\t\tV7.54c0,0.723,0.585,1.308,1.308,1.308h5.232C18.414,8.848,19,8.263,19,7.54V2.308C19,1.585,18.414,1,17.692,1z M17.692,6.886\n\t\tc0,0.361-0.293,0.654-0.654,0.654h-3.924c-0.361,0-0.654-0.292-0.654-0.654V2.962c0-0.361,0.293-0.654,0.654-0.654h3.924\n\t\tc0.361,0,0.654,0.292,0.654,0.654V6.886z\"><\/path>\n<\/svg>\n   <input type=\"text\" name=\"search_keywords\" class=\"form-control\" id=\"search-keywords\" placeholder=\"Job Titles, Keywords, Phrase\">\n\t\t\t\t\n\t\t\t\t\n\t\t\t\t\n\t\t\t\t\n\t\t\t   \n\t\t\t  <\/div>\n\n\n\t\t\t  \n\n\t\t\t  <div class=\"form-group\">\n\t\t\t  \n\t\t\t  <button type=\"submit\" class=\"btn\">Search<\/button>\n\t\t\t  <\/div>\n\t\t\t  \n\t\t\t<\/div>\n\t\t\t\n \n\t\t\t<\/form> \n\t\t  <\/div>\n\t \t\t\t\t<\/div>\n\t\t\t\t<\/div>\n\t\t\t\t<\/div>\n\t\t\t\t\t<\/div>\n\t\t\t\t<\/section>\n\t\t<div class=\"elementor-element elementor-element-ada0469 e-flex e-con-boxed e-con e-parent\" data-id=\"ada0469\" data-element_type=\"container\" data-e-type=\"container\" data-settings=\"{&quot;background_background&quot;:&quot;classic&quot;}\">\n\t\t\t\t\t<div class=\"e-con-inner\">\n\t\t<div class=\"elementor-element elementor-element-1ec65d7 e-flex e-con-boxed e-con e-child\" data-id=\"1ec65d7\" data-element_type=\"container\" data-e-type=\"container\">\n\t\t\t\t\t<div class=\"e-con-inner\">\n\t\t\t\t<div class=\"elementor-element elementor-element-dd1196d elementor-widget elementor-widget-heading\" data-id=\"dd1196d\" data-element_type=\"widget\" data-e-type=\"widget\" data-widget_type=\"heading.default\">\n\t\t\t\t<div class=\"elementor-widget-container\">\n\t\t\t\t\t<h2 class=\"elementor-heading-title elementor-size-default\">Aktualne oferty pracy<\/h2>\t\t\t\t<\/div>\n\t\t\t\t<\/div>\n\t\t\t\t<div class=\"elementor-element elementor-element-6edd6f5 elementor-widget elementor-widget-heading\" data-id=\"6edd6f5\" data-element_type=\"widget\" data-e-type=\"widget\" data-widget_type=\"heading.default\">\n\t\t\t\t<div class=\"elementor-widget-container\">\n\t\t\t\t\t<span class=\"elementor-heading-title elementor-size-default\">Sprawd\u017a nasze aktualne oferty pracy.<\/span>\t\t\t\t<\/div>\n\t\t\t\t<\/div>\n\t\t\t\t\t<\/div>\n\t\t\t\t<\/div>\n\t\t<div class=\"elementor-element elementor-element-cc3b42f e-flex e-con-boxed e-con e-child\" data-id=\"cc3b42f\" data-element_type=\"container\" data-e-type=\"container\">\n\t\t\t\t\t<div class=\"e-con-inner\">\n\t\t\t\t<div class=\"elementor-element elementor-element-023c33d elementor-widget elementor-widget-joblook-job-list\" data-id=\"023c33d\" data-element_type=\"widget\" data-e-type=\"widget\" data-widget_type=\"joblook-job-list.default\">\n\t\t\t\t<div class=\"elementor-widget-container\">\n\t\t\t\t\t<div class=\"job_listings\" data-location=\"\" data-keywords=\"\" data-show_filters=\"true\" data-show_pagination=\"false\" data-per_page=\"10\" data-orderby=\"featured\" data-order=\"DESC\" data-categories=\"\" data-disable-form-state-storage=\"\" data-featured_first=\"false\" data-post_id=\"26\" >\n<form class=\"job_filters\">\n\t\n\t<div class=\"search_jobs\">\n\t\t\n\t\t<div class=\"search_keywords\">\n\t\t\t<label for=\"search_keywords\">S\u0142owa kluczowe<\/label>\n\t\t\t<input type=\"text\" name=\"search_keywords\" id=\"search_keywords\" placeholder=\"S\u0142owa kluczowe\" value=\"\" \/>\n\t\t<\/div>\n\n\t\t<div class=\"search_location\">\n\t\t\t<label for=\"search_location\">Lokalizacja<\/label>\n\t\t\t<input type=\"text\" name=\"search_location\" id=\"search_location\" placeholder=\"Lokalizacja\" value=\"\" \/>\n\t\t<\/div>\n\n\t\t\t\t\t<div class=\"search_remote_position\">\n\t\t\t\t<input type=\"checkbox\" class=\"input-checkbox\" name=\"remote_position\" id=\"remote_position\" placeholder=\"Lokalizacja\" value=\"1\"  \/>\n\t\t\t\t<label for=\"remote_position\" id=\"remote_position_label\">Tylko praca zdalna<\/label>\n\t\t\t<\/div>\n\t\t\n\t\t<div style=\"clear: both\"><\/div>\n\n\t\t\n\t\t\t\t\t<div class=\"search_submit\">\n\t\t\t\t<input type=\"submit\" value=\"Szukanie ofert pracy\">\n\t\t\t<\/div>\n\t\t\n\t\t\t<\/div>\n\n\t\t<ul class=\"job_types\">\n\t\t\t\t\t<li><label for=\"job_type_freelance\" class=\"freelance\"><input type=\"checkbox\" name=\"filter_job_type[]\" value=\"freelance\"  checked='checked' id=\"job_type_freelance\" \/> Freelance<\/label><\/li>\n\t\t\t\t\t<li><label for=\"job_type_full-time\" class=\"full-time\"><input type=\"checkbox\" name=\"filter_job_type[]\" value=\"full-time\"  checked='checked' id=\"job_type_full-time\" \/> Full Time<\/label><\/li>\n\t\t\t\t\t<li><label for=\"job_type_internship\" class=\"internship\"><input type=\"checkbox\" name=\"filter_job_type[]\" value=\"internship\"  checked='checked' id=\"job_type_internship\" \/> Internship<\/label><\/li>\n\t\t\t\t\t<li><label for=\"job_type_part-time\" class=\"part-time\"><input type=\"checkbox\" name=\"filter_job_type[]\" value=\"part-time\"  checked='checked' id=\"job_type_part-time\" \/> Part Time<\/label><\/li>\n\t\t\t\t\t<li><label for=\"job_type_temporary\" class=\"temporary\"><input type=\"checkbox\" name=\"filter_job_type[]\" value=\"temporary\"  checked='checked' id=\"job_type_temporary\" \/> Temporary<\/label><\/li>\n\t\t\t<\/ul>\n\t<input type=\"hidden\" name=\"filter_job_type[]\" value=\"\" \/>\n<div class=\"showing_jobs\"><\/div><\/form>\n\n\n<noscript>Twoja przegl\u0105darka nie obs\u0142uguje JavaScript lub zosta\u0142a ona w\u0142\u0105czona. JavaScript musi by\u0107 w\u0142\u0105czony aby wy\u015bwietla\u0107 og\u0142oszenia.<\/noscript>\n\n\n\n    <ul class=\"job_listings job-grid\">\n    \n<\/ul>\n<a class=\"load_more_jobs\" href=\"#\" style=\"display:none;\"><strong>Za\u0142aduj wi\u0119cej ofert<\/strong><\/a><\/div>\t\t\t\t<\/div>\n\t\t\t\t<\/div>\n\t\t\t\t\t<\/div>\n\t\t\t\t<\/div>\n\t\t\t\t\t<\/div>\n\t\t\t\t<\/div>\n\t\t<div class=\"elementor-element elementor-element-1b944a5 e-flex e-con-boxed e-con e-parent\" data-id=\"1b944a5\" data-element_type=\"container\" data-e-type=\"container\">\n\t\t\t\t\t<div class=\"e-con-inner\">\n\t\t<div class=\"elementor-element elementor-element-46112fd e-con-full e-flex e-con e-child\" data-id=\"46112fd\" data-element_type=\"container\" data-e-type=\"container\">\n\t\t\t\t<div class=\"elementor-element elementor-element-8b27827 elementor-widget elementor-widget-image\" data-id=\"8b27827\" data-element_type=\"widget\" data-e-type=\"widget\" data-widget_type=\"image.default\">\n\t\t\t\t<div class=\"elementor-widget-container\">\n\t\t\t\t\t\t\t\t\t\t\t\t\t\t\t<img fetchpriority=\"high\" decoding=\"async\" width=\"490\" height=\"646\" src=\"https:\/\/pracownikeu.pl\/wp-content\/uploads\/2024\/02\/girl-hero-2-2.png\" class=\"attachment-large size-large wp-image-512\" alt=\"\" srcset=\"https:\/\/pracownikeu.pl\/wp-content\/uploads\/2024\/02\/girl-hero-2-2.png 490w, https:\/\/pracownikeu.pl\/wp-content\/uploads\/2024\/02\/girl-hero-2-2-228x300.png 228w\" sizes=\"(max-width: 490px) 100vw, 490px\" \/>\t\t\t\t\t\t\t\t\t\t\t\t\t\t\t<\/div>\n\t\t\t\t<\/div>\n\t\t\t\t<\/div>\n\t\t<div class=\"elementor-element elementor-element-ead16b6 e-con-full e-flex e-con e-child\" data-id=\"ead16b6\" data-element_type=\"container\" data-e-type=\"container\">\n\t\t\t\t<div class=\"elementor-element elementor-element-7e8cef3 elementor-widget elementor-widget-heading\" data-id=\"7e8cef3\" data-element_type=\"widget\" data-e-type=\"widget\" data-widget_type=\"heading.default\">\n\t\t\t\t<div class=\"elementor-widget-container\">\n\t\t\t\t\t<h2 class=\"elementor-heading-title elementor-size-default\">PracownikEU.pl to firma specjalizuj\u0105ca si\u0119 w profesjonalnej rekrutacji dla zagranicznych pracodawc\u00f3w, z wieloletnim do\u015bwiadczeniem na rynku mi\u0119dzynarodowym<\/h2>\t\t\t\t<\/div>\n\t\t\t\t<\/div>\n\t\t\t\t<div class=\"elementor-element elementor-element-d671412 elementor-widget elementor-widget-heading\" data-id=\"d671412\" data-element_type=\"widget\" data-e-type=\"widget\" data-widget_type=\"heading.default\">\n\t\t\t\t<div class=\"elementor-widget-container\">\n\t\t\t\t\t<span class=\"elementor-heading-title elementor-size-default\">Naszym kandydatom oferujemy stabilne warunki zatrudnienia oparte na umowie o prac\u0119 bezpo\u015brednio z zagranicznym pracodawc\u0105, konkurencyjne wynagrodzenie, zakwaterowanie oraz wsparcie w za\u0142atwieniu wszystkich formalno\u015bci zwi\u0105zanych z podj\u0119ciem pracy na terenie Niemiec i innych kraj\u00f3w europejskich. Gwarantujemy pe\u0142n\u0105 pomoc na ka\u017cdym etapie zatrudnienia oraz kompleksow\u0105 obs\u0142ug\u0119 kandydat\u00f3w.<\/span>\t\t\t\t<\/div>\n\t\t\t\t<\/div>\n\t\t\t\t<\/div>\n\t\t\t\t\t<\/div>\n\t\t\t\t<\/div>\n\t\t<div class=\"elementor-element elementor-element-22f3eab e-flex e-con-boxed e-con e-parent\" data-id=\"22f3eab\" data-element_type=\"container\" data-e-type=\"container\" data-settings=\"{&quot;background_background&quot;:&quot;classic&quot;}\">\n\t\t\t\t\t<div class=\"e-con-inner\">\n\t\t<div class=\"elementor-element elementor-element-ee42fd1 e-con-full e-flex e-con e-child\" data-id=\"ee42fd1\" data-element_type=\"container\" data-e-type=\"container\">\n\t\t\t\t<div class=\"elementor-element elementor-element-7e4a82f elementor-widget elementor-widget-heading\" data-id=\"7e4a82f\" data-element_type=\"widget\" data-e-type=\"widget\" data-widget_type=\"heading.default\">\n\t\t\t\t<div class=\"elementor-widget-container\">\n\t\t\t\t\t<h2 class=\"elementor-heading-title elementor-size-default\">Zapisz si\u0119 do Newslettera<\/h2>\t\t\t\t<\/div>\n\t\t\t\t<\/div>\n\t\t\t\t<div class=\"elementor-element elementor-element-75ea0b6 elementor-widget elementor-widget-heading\" data-id=\"75ea0b6\" data-element_type=\"widget\" data-e-type=\"widget\" data-widget_type=\"heading.default\">\n\t\t\t\t<div class=\"elementor-widget-container\">\n\t\t\t\t\t<span class=\"elementor-heading-title elementor-size-default\">B\u0105d\u017a na bie\u017c\u0105co z ofertami pracy!<\/span>\t\t\t\t<\/div>\n\t\t\t\t<\/div>\n\t\t\t\t<\/div>\n\t\t<div class=\"elementor-element elementor-element-abefd0c e-con-full e-flex e-con e-child\" data-id=\"abefd0c\" data-element_type=\"container\" data-e-type=\"container\">\n\t\t\t\t<div class=\"elementor-element elementor-element-cb6531d elementor-widget elementor-widget-shortcode\" data-id=\"cb6531d\" data-element_type=\"widget\" data-e-type=\"widget\" data-widget_type=\"shortcode.default\">\n\t\t\t\t<div class=\"elementor-widget-container\">\n\t\t\t\t\t\t\t<div class=\"elementor-shortcode\"><\/div>\n\t\t\t\t\t\t<\/div>\n\t\t\t\t<\/div>\n\t\t\t\t<\/div>\n\t\t\t\t\t<\/div>\n\t\t\t\t<\/div>\n\t\t<div class=\"elementor-element elementor-element-1544885 e-flex e-con-boxed e-con e-parent\" data-id=\"1544885\" data-element_type=\"container\" data-e-type=\"container\" data-settings=\"{&quot;background_background&quot;:&quot;classic&quot;}\">\n\t\t\t\t\t<div class=\"e-con-inner\">\n\t\t<div class=\"elementor-element elementor-element-e55a2d1 e-flex e-con-boxed e-con e-child\" data-id=\"e55a2d1\" data-element_type=\"container\" data-e-type=\"container\">\n\t\t\t\t\t<div class=\"e-con-inner\">\n\t\t\t\t<div class=\"elementor-element elementor-element-ea54963 elementor-widget elementor-widget-heading\" data-id=\"ea54963\" data-element_type=\"widget\" data-e-type=\"widget\" data-widget_type=\"heading.default\">\n\t\t\t\t<div class=\"elementor-widget-container\">\n\t\t\t\t\t<h2 class=\"elementor-heading-title elementor-size-default\">Aktualno\u015bci na blogu<\/h2>\t\t\t\t<\/div>\n\t\t\t\t<\/div>\n\t\t\t\t<div class=\"elementor-element elementor-element-1e4af62 elementor-widget elementor-widget-heading\" data-id=\"1e4af62\" data-element_type=\"widget\" data-e-type=\"widget\" data-widget_type=\"heading.default\">\n\t\t\t\t<div class=\"elementor-widget-container\">\n\t\t\t\t\t<span class=\"elementor-heading-title elementor-size-default\">Odkryj nowo\u015bci na rynku pracy w krajach Unii Europejskiej i nie nietylko!<\/span>\t\t\t\t<\/div>\n\t\t\t\t<\/div>\n\t\t\t\t\t<\/div>\n\t\t\t\t<\/div>\n\t\t<div class=\"elementor-element elementor-element-b0e8828 e-flex e-con-boxed e-con e-child\" data-id=\"b0e8828\" data-element_type=\"container\" data-e-type=\"container\">\n\t\t\t\t\t<div class=\"e-con-inner\">\n\t\t\t\t<div class=\"elementor-element elementor-element-8ec2e88 elementor-widget elementor-widget-joblook-blog\" data-id=\"8ec2e88\" data-element_type=\"widget\" data-e-type=\"widget\" data-widget_type=\"joblook-blog.default\">\n\t\t\t\t<div class=\"elementor-widget-container\">\n\t\t\t\t\t            <div class=\"blog-element\">\n                                                        <article class=\"blog-post\">\n                                    <div class=\"blog-img\">\n                                    <img decoding=\"async\" src=\"https:\/\/pracownikeu.pl\/wp-content\/uploads\/2023\/11\/blog6-1-650x450.jpg\" alt=\"\" \/>\n\n                                    \n                                    <div class=\"date\"><a href=\"https:\/\/pracownikeu.pl\/index.php\/2023\/11\/\"><span>10 listopada, 2023<\/span><\/a><\/div>                                      <\/div>\n                                    <div class=\"post-content\">\n                                    <h3 class=\"entry-title\"><a href=\"https:\/\/pracownikeu.pl\/index.php\/2023\/11\/10\/recruiter-and-land-your-dream-job-explore-nice-jobs\/\">Recruiter and Land Your Dream Job Explore Nice Jobs<\/a><\/h3>\n\n                                                                                        <p class=\"post-excerpt\">Lorem ipsum dolor sit amet, consectetur adipiscing elit. Morbi interdum sed mauris eu imperdiet. Donec congue orci nec mi...<\/p>\n                                        <\/div>\n                                    <\/article>\n                                                                <article class=\"blog-post\">\n                                    <div class=\"blog-img\">\n                                    <img decoding=\"async\" src=\"https:\/\/pracownikeu.pl\/wp-content\/uploads\/2023\/11\/blog4-1-650x450.jpg\" alt=\"\" \/>\n\n                                    \n                                    <div class=\"date\"><a href=\"https:\/\/pracownikeu.pl\/index.php\/2023\/11\/\"><span>10 listopada, 2023<\/span><\/a><\/div>                                      <\/div>\n                                    <div class=\"post-content\">\n                                    <h3 class=\"entry-title\"><a href=\"https:\/\/pracownikeu.pl\/index.php\/2023\/11\/10\/start-a-blog-to-reach-your-creative-peak\/\">Start a blog to reach your creative peak<\/a><\/h3>\n\n                                                                                        <p class=\"post-excerpt\">Lorem ipsum dolor sit amet, consectetur adipiscing elit. Morbi interdum sed mauris eu imperdiet. Donec congue orci nec mi...<\/p>\n                                        <\/div>\n                                    <\/article>\n                                                                <article class=\"blog-post\">\n                                    <div class=\"blog-img\">\n                                    <img decoding=\"async\" src=\"https:\/\/pracownikeu.pl\/wp-content\/uploads\/2023\/11\/blog5-650x450.jpg\" alt=\"\" \/>\n\n                                    \n                                    <div class=\"date\"><a href=\"https:\/\/pracownikeu.pl\/index.php\/2023\/11\/\"><span>10 listopada, 2023<\/span><\/a><\/div>                                      <\/div>\n                                    <div class=\"post-content\">\n                                    <h3 class=\"entry-title\"><a href=\"https:\/\/pracownikeu.pl\/index.php\/2023\/11\/10\/designers-checklist-for-every-ux-ui-project\/\">Designer\u2019s checklist for every UX\/UI project.<\/a><\/h3>\n\n                                                                                        <p class=\"post-excerpt\">Lorem ipsum dolor sit amet, consectetur adipiscing elit. Morbi interdum sed mauris eu imperdiet. Donec congue orci nec mi...<\/p>\n                                        <\/div>\n                                    <\/article>\n                                                    <\/div>\n        \t\t\t\t<\/div>\n\t\t\t\t<\/div>\n\t\t\t\t\t<\/div>\n\t\t\t\t<\/div>\n\t\t\t\t\t<\/div>\n\t\t\t\t<\/div>\n\t\t\t\t<\/div>\n\t\t","protected":false},"excerpt":{"rendered":"<p>Znajd\u017a idealn\u0105 prac\u0119 dla siebie! Opinie o firmach, zarobki, rozmowy kwalifikacyjne, oferty pracy. Job Titles, Keywords, Phrase Search Aktualne oferty pracy Sprawd\u017a nasze aktualne oferty pracy. C++ Developer Apple Florida, USA Apply Now Internship Opublikowano 10 miesi\u0119cy temu Web Developer Twitter Dallas, USA Apply Now Full Time Opublikowano 10 miesi\u0119cy temu Application Developer Google California, [&hellip;]<\/p>\n","protected":false},"author":1,"featured_media":0,"parent":0,"menu_order":0,"comment_status":"closed","ping_status":"closed","template":"elementor_header_footer","meta":{"footnotes":""},"class_list":["post-26","page","type-page","status-publish","hentry"],"_links":{"self":[{"href":"https:\/\/pracownikeu.pl\/index.php\/wp-json\/wp\/v2\/pages\/26"}],"collection":[{"href":"https:\/\/pracownikeu.pl\/index.php\/wp-json\/wp\/v2\/pages"}],"about":[{"href":"https:\/\/pracownikeu.pl\/index.php\/wp-json\/wp\/v2\/types\/page"}],"author":[{"embeddable":true,"href":"https:\/\/pracownikeu.pl\/index.php\/wp-json\/wp\/v2\/users\/1"}],"replies":[{"embeddable":true,"href":"https:\/\/pracownikeu.pl\/index.php\/wp-json\/wp\/v2\/comments?post=26"}],"version-history":[{"count":16,"href":"https:\/\/pracownikeu.pl\/index.php\/wp-json\/wp\/v2\/pages\/26\/revisions"}],"predecessor-version":[{"id":679,"href":"https:\/\/pracownikeu.pl\/index.php\/wp-json\/wp\/v2\/pages\/26\/revisions\/679"}],"wp:attachment":[{"href":"https:\/\/pracownikeu.pl\/index.php\/wp-json\/wp\/v2\/media?parent=26"}],"curies":[{"name":"wp","href":"https:\/\/api.w.org\/{rel}","templated":true}]}}